280012?
False
Is 43 a factor of 51840?
False
Does 2 divide 93459?
False
Is 3836322 a multiple of 27?
True
Is 1555623 a multiple of 7?
False
Is 31471 a multiple of 51?
False
Does 442 divide 238431?
False
Does 6 divide 58706?
False
Is 284 a factor of 30388?
True
Is 138701 a multiple of 729?
False
Is 52 a factor of 333529?
False
Does 24 divide 268536?
True
Is 2138729 a multiple of 404?
False
Is 349638 a multiple of 38?
True
Is 29 a factor of 145836?
False
Is 404 a factor of 899708?
True
Is 573618 a multiple of 226?
False
Is 227 a factor of 1294730?
False
Is 9060304 a multiple of 16?
True
Does 2 divide 3467?
False
Is 1688 a factor of 2055984?
True
Does 487 divide 176781?
True
Is 64 a factor of 228115?
False
Is 3363155 a multiple of 1205?
True
Is 63210 a multiple of 43?
True
Is 25 a factor of 6368129?
False
Does 9 divide 60165?
True
Is 1379409 a multiple of 27?
False
Is 13275048 a multiple of 46?
True
Is 3297888 a multiple of 216?
True
Is 23 a factor of 830480?
False
Is 1891294 a multiple of 18?
False
Is 171600 a multiple of 132?
True
Does 836 divide 883193?
False
Is 26 a factor of 720460?
True
Is 13 a factor of 598234?
True
Is 77611 a multiple of 7?
False
Does 1040 divide 5294441?
False
Is 2224362 a multiple of 10?
False
Does 3 divide 1882?
False
Does 5 divide 20670?
True
Is 38280 a multiple of 290?
True
Does 6 divide 475948?
False
Is 456 a factor of 136080?
False
Is 273 a factor of 1043679?
True
Does 38 divide 378784?
True
Is 20744 a multiple of 348?
False
Is 14 a factor of 837172?
True
Does 2 divide 47239?
False
Is 3571563 a multiple of 84?
False
Does 43 divide 14584?
False
Does 94 divide 41360?
True
Is 3 a factor of 416?
False
Is 718 a factor of 1059050?
True
Is 479220 a multiple of 28?
True
Does 67 divide 1385417?
False
Does 2 divide 101594?
True
Is 2257960 a multiple of 8?
True
Is 379 a factor of 5722142?
True
Is 20 a factor of 744160?
True
Is 456190 a multiple of 665?
True
Does 248 divide 554046?
False
Does 238 divide 3997099?
False
Does 7 divide 78086?
False
Is 126 a factor of 61325?
False
Is 460247 a multiple of 19?
False
Is 52 a factor of 1609993?
False
Is 477172 a multiple of 18?
False
Does 44 divide 45310?
False
Is 662188 a multiple of 36?
False
Is 341 a factor of 2235322?
False
Does 7 divide 341873?
True
Is 82085 a multiple of 112?
False
Is 5215536 a multiple of 18?
True
Is 347 a factor of 577477?
False
Is 2681777 a multiple of 156?
False
Does 8 divide 615209?
False
Is 99755 a multiple of 67?
False
Is 1196604 a multiple of 387?
True
Is 276 a factor of 33310?
False
Does 19 divide 344888?
True
Does 6 divide 32550?
True
Does 15 divide 187327?
False
Is 189518 a multiple of 14?
True
Does 16 divide 73484?
False
Is 7 a factor of 613742?
False
Does 13 divide 3044448?
False
Is 32 a factor of 323439?
False
Is 12 a factor of 9030920?
False
Is 32 a factor of 110528?
True
Is 18424255 a multiple of 7?
False
Is 8 a factor of 242104?
True
Does 33 divide 57288?
True
Is 67 a factor of 1375869?
False
Does 842 divide 6378150?
True
Is 536176 a multiple of 108?
False
Is 75400 a multiple of 580?
True
Does 17 divide 88289?
False
Is 97 a factor of 302725?
False
Is 19 a factor of 3625?
False
Is 1273 a factor of 5223010?
False
Does 313 divide 10784402?
False
Is 31 a factor of 941286?
False
Does 110 divide 1639660?
True
Does 803 divide 857860?
False
Is 85 a factor of 10445565?
True
Does 37 divide 268102?
True
Is 54205 a multiple of 268?
False
Is 20 a factor of 7246560?
True
Is 120 a factor of 4943670?
False
Does 166 divide 154092?
False
Does 15 divide 15637190?
False
Does 21 divide 5023326?
True
Is 272091 a multiple of 40?
False
Is 13 a factor of 440954?
False
Is 586 a factor of 1138598?
True
Is 318770 a multiple of 34?
False
Is 27 a factor of 5555745?
False
Is 53522 a multiple of 49?
False
Is 189257 a multiple of 7?
False
Is 2209410 a multiple of 7?
True
Is 50 a factor of 5800?
True
Is 22 a factor of 176142?
False
Does 475 divide 2148042?
False
Is 2027 a factor of 2798644?
False
Is 17 a factor of 152041?
False
Does 495 divide 2354557?
False
Is 103 a factor of 1385247?
True
Is 107670 a multiple of 69?
False
Does 70 divide 126280?
True
Is 40020 a multiple of 40?
False
Does 26 divide 11642278?
False
Is 7684215 a multiple of 1216?
False
Is 5444480 a multiple of 94?
True
Is 14 a factor of 9303938?
True
Does 94 divide 1035034?
True
Does 193 divide 1456056?
False
Is 330100 a multiple of 16?
False
Is 2755758 a multiple of 59?
False
Does 9 divide 31338?
True
Is 37 a factor of 832678?
False
Is 21 a factor of 57988?
False
Is 16 a factor of 8869?
False
Is 512240 a multiple of 152?
True
Does 11 divide 145261?
False
Is 5657 a multiple of 9?
False
Is 62420 a multiple of 15?
False
Is 969 a factor of 9461660?
False
Is 27 a factor of 71666?
False
Is 59126 a multiple of 37?
True
Does 81 divide 323919?
True
Is 2535 a multiple of 15?
True
Is 602112 a multiple of 14?
True
Does 72 divide 434520?
True
Is 7399112 a multiple of 307?
False
Is 30 a factor of 1206600?
True
Is 15 a factor of 64316?
False
Does 102 divide 107100?
True
Is 2671770 a multiple of 145?
True
Is 19 a factor of 24126358?
False
Is 49 a factor of 267573?
False
Is 87 a factor of 118320?
True
Is 20 a factor of 1475500?
True
Is 2911595 a multiple of 34?
False
Is 642061 a multiple of 37?
True
Is 13 a factor of 195780?
True
Is 381350 a multiple of 31?
False
Does 10 divide 861697?
False
Does 11 divide 782144?
True
Is 92 a factor of 8485969?
False
Does 37 divide 83287?
True
Is 1329 a factor of 3948459?
True
Is 7508556 a multiple of 11?
True
Does 35 divide 365128?
False
Is 91 a factor of 53963?
True
Is 2577855 a multiple of 441?
False
Does 5 divide 3376527?
False
Does 608 divide 2622753?
False
Is 5039571 a multiple of 25?
False
Is 16 a factor of 733136?
True
Is 160554 a multiple of 43?
False
Is 335588 a multiple of 22?
True
Is 2 a factor of 20633?
False
Does 19 divide 42694?
False
Is 236 a factor of 594433?
False
Is 552 a factor of 859164?
False
Is 297984 a multiple of 194?
True
Is 120 a factor of 60720?
True
Is 65 a factor of 60165?
False
Is 160 a factor of 93600?
True
Does 55 divide 10395440?
True
Is 6536250 a multiple of 350?
True
Does 36 divide 44964?
True
Is 5 a factor of 240521?
False
Is 156 a factor of 143832?
True
Does 548 divide 339167?
False
Is 597600 a multiple of 300?
True
Does 67 divide 2192508?
True
Does 1168 divide 14744832?
True
Does 27 divide 2791152?
True
Does 10 divide 464204?
False
Is 230780 a multiple of 20?
True
Does 1342 divide 967761?
False
Does 1405 divide 12867621?
False
Does 328 divide 10493248?
False
Is 208946 a multiple of 3?
False
Does 42 divide 37996?
False
Is 4134596 a multiple of 241?
True
Is 18 a factor of 17100?
True
Does 8 divide 408113?
False
Is 1178229 a multiple of 13?
True
Does 25 divide 2475725?
True
Does 332 divide 2403016?
True
Is 14 a factor of 2686006?
False
Does 41 divide 380830?
False
Is 348061 a multiple of 33?
False
Does 475 divide 3112735?
False
Does 117 divide 4251663?
True
Is 230 a factor of 901640?
False
Does 36 divide 5094659?
False
Does 84 divide 15321264?
True
Is 27 a factor of 243297?
True
Does 429 divide 1446334?
False
Does 9 divide 28512?
True
Does 192 divide 94272?
True
Is 13538063 a multiple of 40?
False
Is 10574 a multiple of 34?
True
Is 96874 a multiple of 11?
False
Does 29 divide 1094315?
True
Is 16423726 a multiple of 22?
True
Does 748 divide 424864?
True
Does 113 divide 969260?
False
Is 234 a factor of 1064798?
False
Is 7089903 a multiple of 453?
True
Does 54 divide 102978?
True
Does 261 divide 240903?
True
Does 52 divide 569816?
True
Is 14293 a multiple of 27?
False
Is 32 a factor of 115364?
False
Is 12 a factor of 54900?
True
Is 64 a factor of 376576?
True
Does 60 divide 936240?
True
Does 5 divide 17815?
True
Does 628 divide 895687?
False
Is 41 a factor of 7027487?
False
Is 67070 a multiple of 6?
False
Is 294 a factor of 754110?
True
Does 22 divide 607684?
True
Is 2542675 a multiple of 505?
True
Is 174 a factor of 1370725?
False
Does 63 divide 689409?
True
Is 24549292 a multiple of 35?
False
Does 22 divide 149886?
True
Is 2 a factor of 23303?
False
Is 402185 a multiple of 4?
False
Is 48798 a multiple of 8?
False
Is 10 a factor of 963166?
False
Does 54 divide 795864?
False
Is 13 a factor of 1343799?
False
Is 72 a factor of 419705?
False
Is 49 a factor of 20